- o - 15, 2*t + 2*o = t + 15. Give b(t).
1
Let m(q) be the first derivative of q**7/420 - q**6/60 + q**5/120 - q**4/8 - 8*q**3/3 - q - 96. Let s(c) be the third derivative of m(c). What is s(4)?
33
Suppose -1698 = -z + 4*z. Let l = 566 + z. Let t(k) = k**3 + k**2 + 36. Calculate t(l).
36
Suppose -3 - 28 = -26*g - 5. Let s(o) = -51*o**2 - o + 2. What is s(g)?
-50
Let l = -9 + 13. Suppose -f + l*s = 23, -3*s + 6 = 2*f + f. Let z(k) be the first derivative of -k**2/2 - 6*k + 45. Determine z(f).
-3
Let q(x) = 4*x**2 - 4*x - 7. Let p(a) = -a - 1. Let o be p(-2). Let y(k) = k**2 - k. Let v(m) = o*q(m) - 3*y(m). Suppose 32 = -3*s + 47. Calculate v(s).
13
Let h(a) = 2*a**2 - 66*a - 66. Suppose 2448 = 58*j - 15*j + 29*j. Determine h(j).
2
Let d(b) = -2*b + 3. Suppose -q = 4*q - 20, 0 = 3*y - 4*q + 34. Let v(c) = 4*c - 5. Let s(x) = y*v(x) - 13*d(x). Let r be s(5). Let o(p) = -12*p**3. Give o(r).
-12
Let v(n) = 1. Suppose 6*j + 36 - 66 = 0. Let y(h) = h + 20. Let w(g) = j*v(g) - y(g). What is w(-13)?
-2
Let j(i) = -3*i - 3. Suppose y = a + 5*y - 1, -3*y = -a + 1. Suppose t = -n, -3*n - 2 = a. Determine j(t).
-6
Let t(x) = -5*x - 2. Let q(n) = -3*n - 42. Let l be q(-14). Let b be (1 + l - (-2 + 2))*2. What is t(b)?
-12
Let s = -163 - -182. Let o(u) = -8 + 23*u - 45*u + s*u. Calculate o(-6).
10
Let y(n) = 3*n + 60. Let c = 2965 - 2987. Calculate y(c).
-6
Let l(p) be the third derivative of 1/3*p**4 - 1/6*p**3 + 1/120*p**6 - 8*p**2 + 0 + 0*p - 7/60*p**5. Let q(r) = -30*r + 126. Let m be q(4). What is l(m)?
11
Let c(a) be the second derivative of -1/12*a**4 - 1/2*a**3 + 10*a + a**2 + 1. Suppose -2*v - 2 = -2*l - v, 5*l - 3*v - 4 = 0. Give c(l).
-8
Let h = -5 + 4. Let g(q) = q + 232. Let t(s) = 11*s + 2088. Let o(y) = 18*g(y) - 2*t(y). Give o(h).
4
Let v(x) = -17*x**2 + 397*x + 160. Let p(l) = 4*l**2 - 99*l - 41. Let h(n) = 9*p(n) + 2*v(n). Give h(49).
0
Let t(k) = k**2 - 7*k - 4. Suppose -3296 = 22*v + 1104. Let r be (1*-5)/(v/240). Calculate t(r).
-10
Let j = -1460 + 1492. Let h(i) = i**3 - 31*i**2 - 31*i - 22. Give h(j).
10
Let a be (-4)/10 - 126/10. Let y be a/1 + 5 + -1. Let r(i) = 22*i**2 + 21*i + 1. Let q(c) = 31*c**2 + 31*c + 2. Let h(v) = -5*q(v) + 7*r(v). What is h(y)?
-12
Let z(p) = -2*p**2 - 215*p - 1217. Let a be z(-6). Let t(h) = 12*h**2 - h - 4. Give t(a).
7
Let v(l) = 3*l**3 + 7*l**2 - 29*l + 11. Let o(k) = 16*k**3 + 34*k**2 - 142*k + 55. Let z(d) = -2*o(d) + 11*v(d). Calculate z(-12).
-1
Let b(j) be the third derivative of -1/5*j**5 + 0*j**3 - 1/24*j**4 - 115*j**2 + 0*j + 0. Determine b(1).
-13
Let o(m) be the third derivative of m**6/120 - m**5/6 - 5*m**4/12 - 2*m**2. Suppose -6*k + 3365 = 3299. Give o(k).
11
Let o(r) = -712519*r + 356252*r + 6 + 356260*r. Give o(7).
-43
Let a(q) = q**3 + 15*q**2 + 62*q + 15. Let j(i) = -i**2 - 13*i - 2. Let r(n) = a(n) + 6*j(n). Calculate r(-11).
-63
Let k(z) = -z - 8. Let d = -180 - -174. Let q(a) = -17*a - 41. Let x(p) = 6*p + 14. Let w(v) = -3*q(v) - 8*x(v). Let l be w(d). Determine k(l).
-1
Let w(p) = 6*p - p + 1 - 12 + 5*p - 12. What is w(12)?
97
Suppose -2*x - 26 = -3*u, u = x + 11 - 2. Let j(v) = 4994*v - 4993*v - u + 0*v**2 + v**2. What is j(0)?
-8
Suppose 262 + 90 = 8*b. Suppose -b = 4*u + u + 2*h, 2 = -h. Let s(t) = -t**3 - 9*t**2 - 7*t + 1. Determine s(u).
-7
Suppose 6*r - 2*r = 0. Suppose -5*s + 2 - 6 = -3*q, 3*q + 4*s + 14 = r. Let p be ((-9)/(-18))/(q/24). Let j(m) = -m**3 - 7*m**2 - 7*m + 7. Calculate j(p).
13
Let z(w) be the first derivative of 3/2*w**2 + 5*w - w**3 - 1/4*w**4 - 149. What is z(-3)?
-4
Let f(j) = -2*j + 5. Let y(k) = 20*k - 37. Let w be y(3). Suppose w = -h + 15. What is f(h)?
21
Suppose 3*b = -2*b + 15. Let z(l) = l + 44 - 3*l + b*l - 3*l. Let y be z(19). Let t(c) = -c**3 + 6*c**2 + 5. What is t(y)?
5
Let a(q) be the first derivative of -5*q - 11 + 1/4*q**4 + 7/3*q**3 + 5/2*q**2. Give a(-7).
-40
Let u(t) = t**2 + 8*t + 4. Let q = -203 + 205. Suppose q*f = -2*o - 18, -2*f - 6 = -0*f. Give u(o).
-8
Suppose -k - 1 = j, 2*j - 6 = 2*k - 4. Let q(f) = 6326 + 16*f**2 - f - 17*f**2 - f**3 - 6329. Give q(j).
-3
Suppose -4*t + 0*t = -4*h + 16, 2*h - 8 = 3*t. Let v(w) = -w**3 + 2*w**2. Let u(x) = 3*x**3 - 4*x**2 + 10. Let r(p) = -u(p) - 2*v(p). What is r(t)?
-10
Let l(h) = -8*h - 5. Let r be l(-2). Suppose r*s = 63 - 19. Let m(k) be the second derivative of k**3/2 - 5*k**2/2 - 43*k. What is m(s)?
7
Let d(b) = -b**3 + 5*b**2 + 8*b + 4. Suppose 9*g = 5*g + 148. Let s = g + -31. Determine d(s).
16
Let g(o) be the third derivative of -o**5/60 + o**4/12 + 17*o**3/6 - 47*o**2 - 39*o. Calculate g(5).
2
Let r(y) be the second derivative of -y**5/15 - y**4/24 - 7*y**2/2 - 4*y + 3. Let n(a) be the first derivative of r(a). What is n(-1)?
-3
Let n = 2147 + -2144. Let j(x) be the second derivative of 5/2*x**2 - 7/6*x**n + 0 - 6*x + 1/12*x**4. What is j(6)?
-1
Let q(c) = 9*c + 68. Let f = -13680 + 13671. Give q(f).
-13
Let u be 4/32 - (-5 - -2)/(-24). Suppose u = 2*y + 4*z + 40, y + 2 - 12 = 4*z. Let m(a) = 4*a + 12. Determine m(y).
-28
Let a(i) = 4*i + 67. Let m be -15 - -5 - ((-28)/7 + -6). What is a(m)?
67
Let b(m) = 3*m**2 - 3*m - 32. Suppose 102*u + 356 = 764. Determine b(u).
4
Let w be (-10)/(-55) + 207/11 + -5. Let q(b) = 3*b - 41. Give q(w).
1
Let k(d) = -13*d + 6 - 13*d - 10*d - d**3 - 2*d + d**2 + 37*d. Let m be ((-2)/2)/(1/(-1)). Let h be m/(-2) - (-1)/2. Calculate k(h).
6
Let o be -1 - -7 - (-11 - -9). Let z(c) = -c**3 + 15*c - c + o - 18*c - 6*c**2. Determine z(-6).
32
Let m be 336/54 + 8/(-36). Let r(o) = 1 - 5*o - 2 + m - o**2 - 2. Determine r(-8).
-21
Let u(d) = 6 + 2*d**3 + 4*d**2 - 3*d**3 + 9*d - 12*d**2. Let j be (-13 - -25)*(-10)/8. Let t be (-3)/((-35)/j + -2). What is u(t)?
6
Let o(v) = v**2 + 12*v - 540. Let c be o(18). Let s(m) = -49*m. Determine s(c).
0
Suppose 2*z - 10 + 4 = 0. Let a(t) = -5*t**2 + 23*t - 25. Let n(j) = j**2 - 5*j + 6. Let g(d) = 2*a(d) + 9*n(d). Determine g(z).
-2
Let w(t) = t**3 + 6*t**2 - t - 5. Let d(c) = 2*c**2 - 7*c - 55. Let z be d(7). Give w(z).
1
Let q be 10/(-25)*-10 + -31. Let h = 37 + q. Suppose -h*s + 6*s = 0. Let n(u) = u**3 + u**2 + 4. Calculate n(s).
4
Let f(b) = 2*b**2 + 2*b. Let x = -569 + 567. Let j(u) = -5*u**2 - 2*u + 13. Let m(r) = x*f(r) - j(r). What is m(6)?
11
Let h = 11189 + -11186. Let a(s) = -23*s - 5. What is a(h)?
-74
Let g = -3198 - -3202. Let j(v) = -5*v + 25. Calculate j(g).
5
Let p(u) be the third derivative of u**5/60 - 5*u**4/6 + 26*u**3/3 + 3982*u**2. Calculate p(17).
1
Let v(s) = s. Suppose 2*r - 3*x + 29 = 0, -48*r - x - 47 = -43*r. Determine v(r).
-10
Let g = 2841043 - 2841042. Let i(n) be the second derivative of 1/2*n**2 - 2/3*n**3 + 0 + n. Determine i(g).
-3
Let q(s) = s - 2. Let l(n) = -n**3 + 5*n**2 + 9*n - 1. Let w(u) = l(u) - 3*q(u). Let z(b) = 3*b + 2 + 1 - 6. Let m be z(3). What is w(m)?
5
Let u be 920/12 - (-15)/(-9). Suppose -25 = -70*n + u*n. Let r(z) be the second derivative of -z**4/12 - z**3 - 3*z**2/2 + z. Give r(n).
2
Let y(n) be the second derivative of -7*n**4/6 - n**2/2 - 4*n. Let r = 2 + -3. Determine y(r).
-15
Let p(z) = 15*z + 32. Let b be p(-2). Let u(x) = 487 + 0*x**b + x**2 - 2*x**2 - 486. Suppose -3*l - 6 = -5*l. What is u(l)?
-8
Suppose -21*d - 5157 = -1482. Let j = 173 + d. Let p(x) = 7*x + 1. Calculate p(j).
-13
Let v(m) = -4*m**3 + 2*m**2 + 2. Let h(f) = -10*f**3 + 11*f**2 - 4*f + 1. Let c(d) = -h(d) + 3*v(d). Calculate c(-3).
2
Let f(h) be the first derivative of -h**2 - 52*h + 10227. Determine f(-13).
-26
Suppose 279*v - 138 - 141 = 0. Let z(n) be the first derivative of 0*n**3 - 3/4*n**4 + n - n**2 - 2. Give z(v).
-4
Suppose -14 = 5*j - 2*l, 446*j - 450*j - 5*l = -2. Let u(a) = 2*a - 6. Give u(j).
-10
Suppose 0*o - 4*o + 16 = 0. Let g(d) be the first derivative of -d**4/4 + d**3 + d**2 + d - 268. Calculate g(o).
-7
Let x(c) = -17*c - 66. Let y be x(-4). Suppose y*j + 3 + 22 = m, -m + 15 = -j. Let v(z) = -z**2 - 11*z - 5. Determine v(j).
5
Let p(f) = 4*f**2 + f. Let r(l) = -l**3 + 36*l**2 + 7*l + 87. Let y(a) = 7*p(a) - r(a). Calculate y(9).
-6
Let k(c) = -7*c**2 - 132*c + 35. Let n(z) = -2*z**2 - 66*z. Let l(o) = -k(o) + 2*n(o). Calculate l(5).
40
Let m(a) = -3 - 11*a**2 + 5*a + 15*a**2 - 5*a**2. Let l = -25 - -30. Calculate m(l).
-3
Suppose 2 + 0 = g. Let z(x) = -1. Let d(p) =